{"id":385,"date":"2026-03-24T15:45:20","date_gmt":"2026-03-24T14:45:20","guid":{"rendered":"https:\/\/charleenmusic.com\/?page_id=385"},"modified":"2026-05-01T12:52:20","modified_gmt":"2026-05-01T10:52:20","slug":"charleen-en","status":"publish","type":"page","link":"https:\/\/charleenmusic.com\/index.php\/charleen-en\/","title":{"rendered":"Charleen, indie rock artist"},"content":{"rendered":"\n\n<p><strong><em><img decoding=\"async\" role=\"img\" draggable=\"false\" src=\"https:\/\/s.w.org\/images\/core\/emoji\/17.0.2\/svg\/1f1e8-1f1f5.svg\" alt=\"\ud83c\udde8\ud83c\uddf5\" \/><\/em><\/strong><a href=\"https:\/\/charleenmusic.com\/\"><em> Version fran\u00e7aise, cliquez ici<\/em><\/a><\/p>\n\t\t\t\t<img loading=\"lazy\" decoding=\"async\" src=\"https:\/\/charleenmusic.com\/wp-content\/uploads\/2026\/02\/Charleen-Supersonic-c-LauraGilli-3-scaled.jpg\" alt=\"Charleen music\" itemprop=\"image\" height=\"2560\" width=\"1707\" title=\"Charleen Indochine\" onerror=\"this.style.display='none'\"  \/>\n<h2>\n\t\tBIO\n\t<\/h2>\n<p><strong>Between shadow and light, Charleen reveals a sound aesthetic inherited from the 80s, yet resolutely modern.<\/strong><\/p>\n<p>At the crossroads of indie rock and new wave, Charleen&rsquo;s universe is driven by saturated rhythm guitar, soaring riffs and retro synths.<\/p>\n<p>Her voice moves through English lyrics exploring our relationship with freedom, the constant search for authenticity, and the inner duality between our light and shadow.<\/p>\n<p>Alone on stage, the artist reveals a minimalist universe that is both powerful and intimate.<\/p>\n<p>Copyrights : Laura GILLI<\/p>\n<h2>\n\t\tLIVE\n\t<\/h2>\n\t<a href=\"https:\/\/www.songkick.com\/artists\/10386646\" data-theme=\"light\" data-track-button=\"off\" data-detect-style=\"on\" data-locale=\"fr\" data-other-artists=\"on\" data-share-button=\"off\" data-country-filter=\"off\" data-rsvp=\"on\" data-request-show=\"off\" data-past-events=\"off\" data-past-events-offtour=\"off\" data-remind-me=\"off\"> <\/a>\n<h2>\n\t\tRELEASES\n\t<\/h2>\n\t\t\t\t<img loading=\"lazy\" decoding=\"async\" src=\"https:\/\/charleenmusic.com\/wp-content\/uploads\/2025\/02\/Pochette-OTC-BD-300x300.jpg\" alt=\"Outside the cage\" itemprop=\"image\" height=\"300\" width=\"300\" title=\"Charleen single\" onerror=\"this.style.display='none'\"  \/>\n<h2>\n\t\t2025 &#8211; Outside the Cage (single)\n\t<\/h2>\n\t<p>In February 2025, Charleen released a new single, <em data-start=\"137\" data-end=\"155\">Outside the Cage<\/em>, marking a turning point in her artistic universe.<br data-start=\"206\" data-end=\"209\" \/>More assertive, the track fully embraces her retro influences, blending saturated guitars, analog synths, and vintage textures. It represents a new stage for the artist, asserting her musical direction with renewed intensity.<\/p>\n\t<p>Listen to the single:<\/p>\n\t\t\t\t<img loading=\"lazy\" decoding=\"async\" src=\"https:\/\/charleenmusic.com\/wp-content\/uploads\/2026\/05\/POCHETTE-SOLSTICE-RECTO-300x300.jpg\" alt=\"Solstice Charleen\" itemprop=\"image\" height=\"300\" width=\"300\" title=\"Solstice Charleen\" onerror=\"this.style.display='none'\"  \/>\n<h2>\n\t\t2025 &#8211; Outside the Cage (single)\n\t<\/h2>\n\t<p>In February 2025, Charleen released a new single, <em data-start=\"137\" data-end=\"155\">Outside the Cage<\/em>, marking a turning point in her artistic universe.<br data-start=\"206\" data-end=\"209\" \/>More assertive, the track fully embraces her retro influences, blending saturated guitars, analog synths, and vintage textures. It represents a new stage for the artist, asserting her musical direction with renewed intensity.<\/p>\n\t<p>Listen to the single:<\/p>\n<h2>\n\t\tc\n\t<\/h2>\n\t\t\t\t<a href=\"https:\/\/indo.fr\/albums\/blackcityparade\/\" target=\"_self\" itemprop=\"url\">\n\t\t\t\t<img loading=\"lazy\" decoding=\"async\" src=\"https:\/\/charleenmusic.com\/wp-content\/uploads\/2022\/09\/61BinYSAanL._SL1200_-300x298.jpg\" alt=\"black city parade\" itemprop=\"image\" height=\"298\" width=\"300\" title=\"Black City Parade\" onerror=\"this.style.display='none'\"  \/>\n\t\t\t\t<\/a>\n<h2>\n\t\t2013 &#8211; <em>Chorist<\/em> &#8211; Black City Parade with Indochine\n\t<\/h2>\n\t<strong>Black City Parade<\/strong> marked the beginning of Charleen&rsquo;s collaboration with the French band Indochine. She recorded backing vocals on six tracks from the album, released in 2013:\n<ul data-start=\"290\" data-end=\"422\">\n<li data-section-id=\"1j9l2hu\" data-start=\"290\" data-end=\"309\">Black Ouverture<\/li>\n<li data-section-id=\"7kh98r\" data-start=\"310\" data-end=\"331\">Black City Parade<\/li>\n<li data-section-id=\"hlvlj\" data-start=\"332\" data-end=\"347\">College Boy<\/li>\n<li data-section-id=\"v64tz8\" data-start=\"348\" data-end=\"378\">Le Fond de l&rsquo;Air est Rouge<\/li>\n<li data-section-id=\"cuwvdy\" data-start=\"379\" data-end=\"411\">Europane (or Le Dernier Bal)<\/li>\n<li data-section-id=\"4x7f8d\" data-start=\"412\" data-end=\"422\">Salom\u00e9<\/li>\n<\/ul>\nCharleen also appears in the videos shown live during the <em data-start=\"482\" data-end=\"499\">Black City Tour<\/em> from 2013 to 2014.\n\t\t\t\t<img loading=\"lazy\" decoding=\"async\" src=\"https:\/\/charleenmusic.com\/wp-content\/uploads\/2024\/09\/BABEL-BABEL-300x300.jpg\" alt=\"Babel Babel Indochine\" itemprop=\"image\" height=\"300\" width=\"300\" title=\"BABEL-BABEL\" onerror=\"this.style.display='none'\"  \/>\n<h2>\n\t\t2024 &#8211; Babel Babel &#8211; Indochine<br \/><em>Co-composer of the song \u00ab\u00a0No Name\u00a0\u00bb<\/em>\n\t<\/h2>\n\tTwelve years after her first collaboration with Indochine, Charleen co-wrote the track <em data-start=\"169\" data-end=\"178\">No Name<\/em> with Nicola Sirkis, featured on the double album <em data-start=\"228\" data-end=\"241\">Babel Babel<\/em> (2024).\nReleased on September 7, 2024, as part of the second disc of the double album, <em data-start=\"332\" data-end=\"341\">No Name<\/em> immerses listeners in catchy new wave sounds.\n\t\t\t\t<img loading=\"lazy\" decoding=\"async\" src=\"https:\/\/charleenmusic.com\/wp-content\/uploads\/2025\/08\/FB-IMG-1756107756696-300x275.jpg\" alt=\"No Name Indochine\" itemprop=\"image\" height=\"275\" width=\"300\" title=\"No Name Indochine\" onerror=\"this.style.display='none'\"  \/>\n<h2>\n\t\t2025 &#8211; No Name &#8211; Indochine (Maxi single)\n\t<\/h2>\n\t<p><strong><em data-start=\"73\" data-end=\"82\">No Name<\/em><\/strong>, co-written with Nicola Sirkis and featured on the second disc of Indochine&rsquo;s double album <em data-start=\"174\" data-end=\"187\">Babel Babel<\/em>, was released as a Maxi Single on August 25, 2025, featuring four versions of the track.<\/p>\n1. Album version<br \/>\n2. Single version<br \/>\n3. Instrumental<br \/>\n4. Live\n<h2>\n\t\tMERCHANDISING\n\t<\/h2>\n\t\t\t\t<a href=\"https:\/\/charleenmusic.bandcamp.com\/album\/solstice-single\" target=\"_blank\" rel=\"noopener\"  itemprop=\"url\">\n\t\t\t\t<img loading=\"lazy\" decoding=\"async\" src=\"https:\/\/charleenmusic.com\/wp-content\/uploads\/2026\/05\/ARTWORK-VINYLE.png\" alt=\"Vinyle Solstice\" itemprop=\"image\" height=\"900\" width=\"1200\" title=\"Charleen vinyle\" onerror=\"this.style.display='none'\"  \/>\n\t\t\t\t<\/a>\n\t\t\t\t<a href=\"https:\/\/charleenmusic.bandcamp.com\/merch\/tote-bag-outside-the-cage\" target=\"_blank\" rel=\"noopener\"  itemprop=\"url\">\n\t\t\t\t<img loading=\"lazy\" decoding=\"async\" src=\"https:\/\/charleenmusic.com\/wp-content\/uploads\/2026\/03\/Black-tote-bag.png\" alt=\"Tote Bag Charleen\" itemprop=\"image\" height=\"900\" width=\"1200\" title=\"Black tote bag\" onerror=\"this.style.display='none'\"  \/>\n\t\t\t\t<\/a>\n\t\t\t<a href=\"https:\/\/charleenmusic.bandcamp.com\/merch\" target=\"_blank\" rel=\"noopener\">\n\t\t\t\t\t\t\tBuy\n\t\t\t\t\t<\/a>\n<h2>\n\t\tGALLERY\n\t<\/h2>\n\t\t\t<a href=\"https:\/\/charleenmusic.com\/index.php\/galerie\/\" target=\"_self\">\n\t\t\t\t\t\t\tClick here\n\t\t\t\t\t<\/a>\n<h2>\n\t\tCONTACT\n\t<\/h2>\n\t<div class=\"wpforms-container wpforms-container-full\" id=\"wpforms-80\"><form id=\"wpforms-form-80\" class=\"wpforms-validate wpforms-form wpforms-ajax-form\" data-formid=\"80\" method=\"post\" enctype=\"multipart\/form-data\" action=\"\/index.php\/wp-json\/wp\/v2\/pages\/385\" data-token=\"2a8a3f07b1290ee7aea129541231dd48\"><noscript class=\"wpforms-error-noscript\">Veuillez activer JavaScript dans votre navigateur pour remplir ce formulaire.<\/noscript><div class=\"wpforms-field-container\"><div id=\"wpforms-80-field_0-container\" class=\"wpforms-field wpforms-field-name\" data-field-id=\"0\"><label class=\"wpforms-field-label\" for=\"wpforms-80-field_0\">Nom <span class=\"wpforms-required-label\">*<\/span><\/label><input type=\"text\" id=\"wpforms-80-field_0\" class=\"wpforms-field-medium wpforms-field-required\" name=\"wpforms[fields][0]\" required><\/div><div id=\"wpforms-80-field_1-container\" class=\"wpforms-field wpforms-field-email\" data-field-id=\"1\"><label class=\"wpforms-field-label\" for=\"wpforms-80-field_1\">E-mail <span class=\"wpforms-required-label\">*<\/span><\/label><input type=\"email\" id=\"wpforms-80-field_1\" class=\"wpforms-field-medium wpforms-field-required\" name=\"wpforms[fields][1]\" spellcheck=\"false\" required><\/div><div id=\"wpforms-80-field_2-container\" class=\"wpforms-field wpforms-field-textarea\" data-field-id=\"2\"><label class=\"wpforms-field-label\" for=\"wpforms-80-field_2\">Message <span class=\"wpforms-required-label\">*<\/span><\/label><textarea id=\"wpforms-80-field_2\" class=\"wpforms-field-medium wpforms-field-required\" name=\"wpforms[fields][2]\" required><\/textarea><\/div><div id=\"wpforms-80-field_3-container\" class=\"wpforms-field wpforms-field-checkbox\" data-field-id=\"3\"><label class=\"wpforms-field-label\" for=\"wpforms-80-field_3\">Confidentialit\u00e9 <span class=\"wpforms-required-label\">*<\/span><\/label><ul id=\"wpforms-80-field_3\" class=\"wpforms-field-required\"><li class=\"choice-1 depth-1\"><input type=\"checkbox\" id=\"wpforms-80-field_3_1\" name=\"wpforms[fields][3][]\" value=\"J\u2019accepte que les informations saisies ci-dessus soient utilis\u00e9es par Charleen afin d&#039;\u00eatre recontact\u00e9(e).\" required ><label class=\"wpforms-field-label-inline\" for=\"wpforms-80-field_3_1\">J\u2019accepte que les informations saisies ci-dessus soient utilis\u00e9es par Charleen afin d'\u00eatre recontact\u00e9(e).<\/label><\/li><\/ul><\/div><\/div><!-- .wpforms-field-container --><div class=\"wpforms-recaptcha-container wpforms-is-hcaptcha\" ><div class=\"g-recaptcha\" data-sitekey=\"2c11c1f1-12c2-4f6a-b462-c827675cc23a\"><\/div><input type=\"text\" name=\"g-recaptcha-hidden\" class=\"wpforms-recaptcha-hidden\" style=\"position:absolute!important;clip:rect(0,0,0,0)!important;height:1px!important;width:1px!important;border:0!important;overflow:hidden!important;padding:0!important;margin:0!important;\" data-rule-hcaptcha=\"1\"><\/div><div class=\"wpforms-submit-container\" ><input type=\"hidden\" name=\"wpforms[id]\" value=\"80\"><input type=\"hidden\" name=\"wpforms[author]\" value=\"1\"><button type=\"submit\" name=\"wpforms[submit]\" id=\"wpforms-submit-80\" class=\"wpforms-submit\" data-alt-text=\"Envoi...\" data-submit-text=\"Envoyer\" aria-live=\"assertive\" value=\"wpforms-submit\">Envoyer<\/button><img loading=\"lazy\" decoding=\"async\" src=\"https:\/\/charleenmusic.com\/wp-content\/plugins\/wpforms-lite\/assets\/images\/submit-spin.svg\" class=\"wpforms-submit-spinner\" style=\"display: none;\" width=\"26\" height=\"26\" alt=\"Chargement en cours\"><\/div><\/form><\/div>  <!-- .wpforms-container -->\n<h2>\n\t\tSOCIAL\n\t<\/h2>\n\n","protected":false},"excerpt":{"rendered":"<p>Version fran\u00e7aise, cliquez ici BIO Between shadow and light, Charleen reveals a sound aesthetic inherited from the 80s, yet resolutely modern. At the crossroads of indie rock and new wave, Charleen&rsquo;s universe is driven by saturated rhythm guitar, soaring riffs and retro synths. Her voice moves through English lyrics exploring our relationship with freedom, the&hellip;&nbsp;<a href=\"https:\/\/charleenmusic.com\/index.php\/charleen-en\/\" class=\"\" rel=\"bookmark\">Lire la suite &raquo;<span class=\"screen-reader-text\">Charleen, indie rock artist<\/span><\/a><\/p>\n","protected":false},"author":1,"featured_media":363,"parent":0,"menu_order":0,"comment_status":"closed","ping_status":"closed","template":"","meta":{"neve_meta_sidebar":"","neve_meta_container":"","neve_meta_enable_content_width":"","neve_meta_content_width":0,"neve_meta_title_alignment":"","neve_meta_author_avatar":"","neve_post_elements_order":"","neve_meta_disable_header":"","neve_meta_disable_footer":"","neve_meta_disable_title":"","footnotes":""},"class_list":["post-385","page","type-page","status-publish","has-post-thumbnail","hentry"],"yoast_head":"<!-- This site is optimized with the Yoast SEO plugin v22.5 - https:\/\/yoast.com\/wordpress\/plugins\/seo\/ -->\n<title>Charleen, indie rock artist<\/title>\n<meta name=\"description\" content=\"Charleen is a singer-songwriter and composer, best known for co-writing \u201cNo Name\u201d on the latest Indochine album.\" \/>\n<meta name=\"robots\" content=\"noindex, nofollow\" \/>\n<meta property=\"og:locale\" content=\"fr_FR\" \/>\n<meta property=\"og:type\" content=\"article\" \/>\n<meta property=\"og:title\" content=\"Charleen, indie rock artist\" \/>\n<meta property=\"og:description\" content=\"Charleen is a singer-songwriter and composer, best known for co-writing \u201cNo Name\u201d on the latest Indochine album.\" \/>\n<meta property=\"og:url\" content=\"https:\/\/charleenmusic.com\/index.php\/charleen-en\/\" \/>\n<meta property=\"og:site_name\" content=\"Charleen Music\" \/>\n<meta property=\"article:modified_time\" content=\"2026-05-01T10:52:20+00:00\" \/>\n<meta property=\"og:image\" content=\"https:\/\/charleenmusic.com\/wp-content\/uploads\/2026\/02\/Charleen-Supersonic-c-LauraGilli-3-scaled.jpg\" \/>\n\t<meta property=\"og:image:width\" content=\"1707\" \/>\n\t<meta property=\"og:image:height\" content=\"2560\" \/>\n\t<meta property=\"og:image:type\" content=\"image\/jpeg\" \/>\n<meta name=\"twitter:card\" content=\"summary_large_image\" \/>\n<meta name=\"twitter:label1\" content=\"Dur\u00e9e de lecture estim\u00e9e\" \/>\n\t<meta name=\"twitter:data1\" content=\"4 minutes\" \/>\n<script type=\"application\/ld+json\" class=\"yoast-schema-graph\">{\"@context\":\"https:\/\/schema.org\",\"@graph\":[{\"@type\":\"WebPage\",\"@id\":\"https:\/\/charleenmusic.com\/index.php\/charleen-en\/\",\"url\":\"https:\/\/charleenmusic.com\/index.php\/charleen-en\/\",\"name\":\"Charleen, indie rock artist\",\"isPartOf\":{\"@id\":\"https:\/\/charleenmusic.com\/#website\"},\"primaryImageOfPage\":{\"@id\":\"https:\/\/charleenmusic.com\/index.php\/charleen-en\/#primaryimage\"},\"image\":{\"@id\":\"https:\/\/charleenmusic.com\/index.php\/charleen-en\/#primaryimage\"},\"thumbnailUrl\":\"https:\/\/charleenmusic.com\/wp-content\/uploads\/2026\/02\/Charleen-Supersonic-c-LauraGilli-3-scaled.jpg\",\"datePublished\":\"2026-03-24T14:45:20+00:00\",\"dateModified\":\"2026-05-01T10:52:20+00:00\",\"description\":\"Charleen is a singer-songwriter and composer, best known for co-writing \u201cNo Name\u201d on the latest Indochine album.\",\"breadcrumb\":{\"@id\":\"https:\/\/charleenmusic.com\/index.php\/charleen-en\/#breadcrumb\"},\"inLanguage\":\"fr-FR\",\"potentialAction\":[{\"@type\":\"ReadAction\",\"target\":[\"https:\/\/charleenmusic.com\/index.php\/charleen-en\/\"]}]},{\"@type\":\"ImageObject\",\"inLanguage\":\"fr-FR\",\"@id\":\"https:\/\/charleenmusic.com\/index.php\/charleen-en\/#primaryimage\",\"url\":\"https:\/\/charleenmusic.com\/wp-content\/uploads\/2026\/02\/Charleen-Supersonic-c-LauraGilli-3-scaled.jpg\",\"contentUrl\":\"https:\/\/charleenmusic.com\/wp-content\/uploads\/2026\/02\/Charleen-Supersonic-c-LauraGilli-3-scaled.jpg\",\"width\":1707,\"height\":2560,\"caption\":\"Charleen music\"},{\"@type\":\"BreadcrumbList\",\"@id\":\"https:\/\/charleenmusic.com\/index.php\/charleen-en\/#breadcrumb\",\"itemListElement\":[{\"@type\":\"ListItem\",\"position\":1,\"name\":\"Accueil\",\"item\":\"https:\/\/charleenmusic.com\/\"},{\"@type\":\"ListItem\",\"position\":2,\"name\":\"Charleen, indie rock artist\"}]},{\"@type\":\"WebSite\",\"@id\":\"https:\/\/charleenmusic.com\/#website\",\"url\":\"https:\/\/charleenmusic.com\/\",\"name\":\"Charleen Music\",\"description\":\"Auteure, compositrice, interpr\u00e8te\",\"potentialAction\":[{\"@type\":\"SearchAction\",\"target\":{\"@type\":\"EntryPoint\",\"urlTemplate\":\"https:\/\/charleenmusic.com\/?s={search_term_string}\"},\"query-input\":\"required name=search_term_string\"}],\"inLanguage\":\"fr-FR\"}]}<\/script>\n<!-- \/ Yoast SEO plugin. -->","yoast_head_json":{"title":"Charleen, indie rock artist","description":"Charleen is a singer-songwriter and composer, best known for co-writing \u201cNo Name\u201d on the latest Indochine album.","robots":{"index":"noindex","follow":"nofollow"},"og_locale":"fr_FR","og_type":"article","og_title":"Charleen, indie rock artist","og_description":"Charleen is a singer-songwriter and composer, best known for co-writing \u201cNo Name\u201d on the latest Indochine album.","og_url":"https:\/\/charleenmusic.com\/index.php\/charleen-en\/","og_site_name":"Charleen Music","article_modified_time":"2026-05-01T10:52:20+00:00","og_image":[{"width":1707,"height":2560,"url":"https:\/\/charleenmusic.com\/wp-content\/uploads\/2026\/02\/Charleen-Supersonic-c-LauraGilli-3-scaled.jpg","type":"image\/jpeg"}],"twitter_card":"summary_large_image","twitter_misc":{"Dur\u00e9e de lecture estim\u00e9e":"4 minutes"},"schema":{"@context":"https:\/\/schema.org","@graph":[{"@type":"WebPage","@id":"https:\/\/charleenmusic.com\/index.php\/charleen-en\/","url":"https:\/\/charleenmusic.com\/index.php\/charleen-en\/","name":"Charleen, indie rock artist","isPartOf":{"@id":"https:\/\/charleenmusic.com\/#website"},"primaryImageOfPage":{"@id":"https:\/\/charleenmusic.com\/index.php\/charleen-en\/#primaryimage"},"image":{"@id":"https:\/\/charleenmusic.com\/index.php\/charleen-en\/#primaryimage"},"thumbnailUrl":"https:\/\/charleenmusic.com\/wp-content\/uploads\/2026\/02\/Charleen-Supersonic-c-LauraGilli-3-scaled.jpg","datePublished":"2026-03-24T14:45:20+00:00","dateModified":"2026-05-01T10:52:20+00:00","description":"Charleen is a singer-songwriter and composer, best known for co-writing \u201cNo Name\u201d on the latest Indochine album.","breadcrumb":{"@id":"https:\/\/charleenmusic.com\/index.php\/charleen-en\/#breadcrumb"},"inLanguage":"fr-FR","potentialAction":[{"@type":"ReadAction","target":["https:\/\/charleenmusic.com\/index.php\/charleen-en\/"]}]},{"@type":"ImageObject","inLanguage":"fr-FR","@id":"https:\/\/charleenmusic.com\/index.php\/charleen-en\/#primaryimage","url":"https:\/\/charleenmusic.com\/wp-content\/uploads\/2026\/02\/Charleen-Supersonic-c-LauraGilli-3-scaled.jpg","contentUrl":"https:\/\/charleenmusic.com\/wp-content\/uploads\/2026\/02\/Charleen-Supersonic-c-LauraGilli-3-scaled.jpg","width":1707,"height":2560,"caption":"Charleen music"},{"@type":"BreadcrumbList","@id":"https:\/\/charleenmusic.com\/index.php\/charleen-en\/#breadcrumb","itemListElement":[{"@type":"ListItem","position":1,"name":"Accueil","item":"https:\/\/charleenmusic.com\/"},{"@type":"ListItem","position":2,"name":"Charleen, indie rock artist"}]},{"@type":"WebSite","@id":"https:\/\/charleenmusic.com\/#website","url":"https:\/\/charleenmusic.com\/","name":"Charleen Music","description":"Auteure, compositrice, interpr\u00e8te","potentialAction":[{"@type":"SearchAction","target":{"@type":"EntryPoint","urlTemplate":"https:\/\/charleenmusic.com\/?s={search_term_string}"},"query-input":"required name=search_term_string"}],"inLanguage":"fr-FR"}]}},"_links":{"self":[{"href":"https:\/\/charleenmusic.com\/index.php\/wp-json\/wp\/v2\/pages\/385","targetHints":{"allow":["GET"]}}],"collection":[{"href":"https:\/\/charleenmusic.com\/index.php\/wp-json\/wp\/v2\/pages"}],"about":[{"href":"https:\/\/charleenmusic.com\/index.php\/wp-json\/wp\/v2\/types\/page"}],"author":[{"embeddable":true,"href":"https:\/\/charleenmusic.com\/index.php\/wp-json\/wp\/v2\/users\/1"}],"replies":[{"embeddable":true,"href":"https:\/\/charleenmusic.com\/index.php\/wp-json\/wp\/v2\/comments?post=385"}],"version-history":[{"count":6,"href":"https:\/\/charleenmusic.com\/index.php\/wp-json\/wp\/v2\/pages\/385\/revisions"}],"predecessor-version":[{"id":418,"href":"https:\/\/charleenmusic.com\/index.php\/wp-json\/wp\/v2\/pages\/385\/revisions\/418"}],"wp:featuredmedia":[{"embeddable":true,"href":"https:\/\/charleenmusic.com\/index.php\/wp-json\/wp\/v2\/media\/363"}],"wp:attachment":[{"href":"https:\/\/charleenmusic.com\/index.php\/wp-json\/wp\/v2\/media?parent=385"}],"curies":[{"name":"wp","href":"https:\/\/api.w.org\/{rel}","templated":true}]}}